{"id":548,"date":"2023-12-06T08:50:40","date_gmt":"2023-12-06T11:50:40","guid":{"rendered":"https:\/\/arielseeds.com\/?post_type=product&#038;p=548"},"modified":"2026-04-09T17:10:59","modified_gmt":"2026-04-09T20:10:59","slug":"porta-enxerto-para-tomate-hibrido-tl02","status":"publish","type":"product","link":"https:\/\/arielseeds.com\/index.php\/produto\/porta-enxerto-para-tomate-hibrido-tl02\/","title":{"rendered":"Porta-Enxerto para Tomate H\u00edbrido TL02"},"content":{"rendered":"","protected":false},"excerpt":{"rendered":"<h6><span style=\"color: #cea65f;\">CARACTER\u00cdSTICAS<\/span><\/h6>\n<ul>\n<li>\n<h6><span style=\"color: #708662;\">Habilidade Especial: Forte resist\u00eancia ao cancro bacteriano (BC) e murcha bacteriana (BW);<\/span><\/h6>\n<\/li>\n<li>\n<h6><span style=\"color: #708662;\">Este vigoroso porta-enxerto \u00e9 resist\u00eante a uma s\u00e9rie de doen\u00e7as do solo e nemat\u00f3ides;<\/span><\/h6>\n<\/li>\n<li>\n<h6><span style=\"color: #708662;\">Utilize este porta-enxerto para enxertia em plantas de tomate h\u00edbridas e observe o aumento significativo de vigor e rendimento<\/span><\/h6>\n<\/li>\n<li>\n<h6><span style=\"color: #708662;\">O porta-enxerto tamb\u00e9m aumenta a toler\u00e2ncia a varia\u00e7\u00f5es de temperatura;<\/span><\/h6>\n<\/li>\n<li>\n<h6><span style=\"color: #708662;\">Este porta-enxerto possui resist\u00eancia a v\u00e1rias doen\u00e7as, conforme abaixo:<\/span><\/h6>\n<\/li>\n<li>\n<h6><span style=\"color: #708662;\">TOLER\u00c2NCIA ALTA: ToMV(Tm-2a), Va, Vd, Fol: 0-3, For, Pl, B(BW), BC<\/span><\/h6>\n<\/li>\n<li>\n<h6><span style=\"color: #708662;\">TOLER\u00c2NCIA INTERMEDI\u00c1RIA: Nemat\u00d3ides das galhas (Ma, Mi, Mj).<\/span><\/h6>\n<\/li>\n<\/ul>\n<h6><span style=\"color: #cea65f;\">TOLER\u00c2NCIA:<\/span> <span style=\"color: #708662;\">Alta &#8211; Intermedi\u00e1ria<\/span><br \/>\n<span style=\"color: #cea65f;\">\u00c9POCA DE SEMEADURA:<\/span> <span style=\"color: #708662;\">Regi\u00f5es frias Fev &#8211; Ago | Regi\u00f5es quentes ano todo<\/span><\/h6>\n<p>&nbsp;<\/p>\n<h6><span style=\"color: #cea65f;\">TOLER\u00c2NCIAS<\/span><\/h6>\n<div>\n<h6><span style=\"color: #708662;\">ToMV: <em>V\u00edrus do mosaico do tomate; <\/em><\/span><\/h6>\n<h6><span style=\"color: #708662;\">B (BW): <em>Ralstonia solanacearum\/Murcha bacteriana; <\/em><\/span><\/h6>\n<h6><span style=\"color: #708662;\">V (Va): <em>Murcha de Verticillium albo atrum;<\/em><\/span><\/h6>\n<h6><span style=\"color: #708662;\"> V (Vd): <em>Murcha de Verticillium dahliae; <\/em><\/span><\/h6>\n<h6><span style=\"color: #708662;\">Fol 0-3: <em>Fusarium oxysporum f.sp.lycopersici. Ra\u00e7as: 0, 1, 2 e 3; <\/em><\/span><\/h6>\n<h6><span style=\"color: #708662;\">For: <em>Fusarium oxysporum f.sp.radicis; lycopersici\/Murcha coron\u00e1ria e podrid\u00e3o radicular; <\/em><\/span><\/h6>\n<h6><span style=\"color: #708662;\">Pi: <em>Pyrenochaeta lycopersicil\/Podrid\u00e3o radicular cori\u00e1cea; <\/em><\/span><\/h6>\n<h6><span style=\"color: #708662;\">BC: <em>Bact\u00e9ria Clavibacter michiganensis subsp michiganensis (Cmm)\/Cancro bacteriano; <\/em><\/span><\/h6>\n<h6><span style=\"color: #708662;\">M: <em>Nematoides Meloidogyne\/Galhas das ra\u00edzes (Ma, Mi, Mj); <\/em><\/span><\/h6>\n<p>&nbsp;<\/p>\n<\/div>\n<h6><span style=\"color: #cea65f;\">**Esta variedade deve ser usada apenas como porta-enxerto, uma vez que os pequenos frutos verdes produzidos pelo porta-enxerto n\u00e3o s\u00e3o adequados para consumo.<\/span><\/h6>\n","protected":false},"featured_media":1147,"comment_status":"open","ping_status":"closed","template":"","meta":{"om_disable_all_campaigns":false,"_monsterinsights_skip_tracking":false,"_monsterinsights_sitenote_active":false,"_monsterinsights_sitenote_note":"","_monsterinsights_sitenote_category":0,"site-sidebar-layout":"default","site-content-layout":"","ast-site-content-layout":"default","site-content-style":"default","site-sidebar-style":"default","ast-global-header-display":"","ast-banner-title-visibility":"","ast-main-header-display":"","ast-hfb-above-header-display":"","ast-hfb-below-header-display":"","ast-hfb-mobile-header-display":"","site-post-title":"","ast-breadcrumbs-content":"","ast-featured-img":"","footer-sml-layout":"","theme-transparent-header-meta":"default","adv-header-id-meta":"","stick-header-meta":"","header-above-stick-meta":"","header-main-stick-meta":"","header-below-stick-meta":"","astra-migrate-meta-layouts":"set","ast-page-background-enabled":"default","ast-page-background-meta":{"desktop":{"background-color":"var(--ast-global-color-4)","background-image":"","background-repeat":"repeat","background-position":"center center","background-size":"auto","background-attachment":"scroll","background-type":"","background-media":"","overlay-type":"","overlay-color":"","overlay-gradient":""},"tablet":{"background-color":"","background-image":"","background-repeat":"repeat","background-position":"center center","background-size":"auto","background-attachment":"scroll","background-type":"","background-media":"","overlay-type":"","overlay-color":"","overlay-gradient":""},"mobile":{"background-color":"","background-image":"","background-repeat":"repeat","background-position":"center center","background-size":"auto","background-attachment":"scroll","background-type":"","background-media":"","overlay-type":"","overlay-color":"","overlay-gradient":""}},"ast-content-background-meta":{"desktop":{"background-color":"var(--ast-global-color-5)","background-image":"","background-repeat":"repeat","background-position":"center center","background-size":"auto","background-attachment":"scroll","background-type":"","background-media":"","overlay-type":"","overlay-color":"","overlay-gradient":""},"tablet":{"background-color":"var(--ast-global-color-5)","background-image":"","background-repeat":"repeat","background-position":"center center","background-size":"auto","background-attachment":"scroll","background-type":"","background-media":"","overlay-type":"","overlay-color":"","overlay-gradient":""},"mobile":{"background-color":"var(--ast-global-color-5)","background-image":"","background-repeat":"repeat","background-position":"center center","background-size":"auto","background-attachment":"scroll","background-type":"","background-media":"","overlay-type":"","overlay-color":"","overlay-gradient":""}}},"product_cat":[32],"product_tag":[39,38,41,43,42,36,44,33],"aioseo_notices":[],"jetpack_sharing_enabled":true,"_links":{"self":[{"href":"https:\/\/arielseeds.com\/index.php\/wp-json\/wp\/v2\/product\/548"}],"collection":[{"href":"https:\/\/arielseeds.com\/index.php\/wp-json\/wp\/v2\/product"}],"about":[{"href":"https:\/\/arielseeds.com\/index.php\/wp-json\/wp\/v2\/types\/product"}],"replies":[{"embeddable":true,"href":"https:\/\/arielseeds.com\/index.php\/wp-json\/wp\/v2\/comments?post=548"}],"wp:featuredmedia":[{"embeddable":true,"href":"https:\/\/arielseeds.com\/index.php\/wp-json\/wp\/v2\/media\/1147"}],"wp:attachment":[{"href":"https:\/\/arielseeds.com\/index.php\/wp-json\/wp\/v2\/media?parent=548"}],"wp:term":[{"taxonomy":"product_cat","embeddable":true,"href":"https:\/\/arielseeds.com\/index.php\/wp-json\/wp\/v2\/product_cat?post=548"},{"taxonomy":"product_tag","embeddable":true,"href":"https:\/\/arielseeds.com\/index.php\/wp-json\/wp\/v2\/product_tag?post=548"}],"curies":[{"name":"wp","href":"https:\/\/api.w.org\/{rel}","templated":true}]}}