{"id":1366,"date":"2026-04-10T16:00:46","date_gmt":"2026-04-10T19:00:46","guid":{"rendered":"https:\/\/arielseeds.com\/?post_type=product&#038;p=1366"},"modified":"2026-04-10T16:11:38","modified_gmt":"2026-04-10T19:11:38","slug":"porta-enxerto-para-tomate-hibrido-tl022","status":"publish","type":"product","link":"https:\/\/arielseeds.com\/index.php\/produto\/porta-enxerto-para-tomate-hibrido-tl022\/","title":{"rendered":"Porta-Enxerto para Tomate H\u00edbrido TL022"},"content":{"rendered":"","protected":false},"excerpt":{"rendered":"<h6><span style=\"color: #cea65f;\">CARACTER\u00cdSTICAS<\/span><\/h6>\n<ul>\n<li>\n<h6><span style=\"color: #708662;\">Porta-enxerto para tomate;<\/span><\/h6>\n<\/li>\n<li>\n<h6><span style=\"color: #708662;\">Habilidade especial: forte toler\u00e2ncia ao cancro bacteriano (bc) e murcha bacteriana (bw);<\/span><\/h6>\n<\/li>\n<li>\n<h6><span style=\"color: #708662;\">Este vigoroso porta-enxerto \u00e9 tolerante a uma s\u00e9rie de doen\u00e7as do solo e nemat\u00f3ides;<\/span><\/h6>\n<\/li>\n<li>\n<h6><span style=\"color: #708662;\">Utilize este porta-enxerto para enxertia em plantas de tomate h\u00edbridas e observe o aumento significativo de vigor e rendimento;<\/span><\/h6>\n<\/li>\n<li>\n<h6><span style=\"color: #708662;\">O porta-enxerto tamb\u00e9m aumenta a toler\u00e2ncia a varia\u00e7\u00f5es de temperatura;<\/span><\/h6>\n<\/li>\n<li>\n<h6><span style=\"color: #708662;\">Vigor m\u00e9dio.<\/span><\/h6>\n<\/li>\n<\/ul>\n<h6><span style=\"color: #cea65f;\">SEGMENTO: <span style=\"color: #708662;\">Porta-enxerto para tomate<\/span><\/span><\/h6>\n<h6><span style=\"color: #cea65f;\">TOLER\u00c2NCIA:<\/span> <span style=\"color: #708662;\">Alta &#8211; Intermedi\u00e1ria<\/span><br \/>\n<span style=\"color: #cea65f;\">\u00c9POCA DE SEMEADURA:<\/span> <span style=\"color: #708662;\">Regi\u00f5es frias Fev &#8211; Ago | Regi\u00f5es quentes ano todo<\/span><\/h6>\n<p>&nbsp;<\/p>\n<h6><span style=\"color: #cea65f;\">TOLER\u00c2NCIAS<\/span><\/h6>\n<div>\n<h6><span style=\"color: #708662;\"><em>TMV: V\u00edrus do mosaico do tomate;<\/em><\/span><\/h6>\n<h6><span style=\"color: #708662;\"><em>Va: Verticillium albo-atrum \/ Murcha de vertic\u00edlio;<\/em><\/span><\/h6>\n<h6><span style=\"color: #708662;\"><em>Vd: Verticillium dahliae \/ Murcha de vertic\u00edlio;<\/em><\/span><\/h6>\n<h6><span style=\"color: #708662;\"><em>F: Fusarium oxysporum f. sp. radicis-lycopersici \/ Murcha coron\u00e1ria e podrid\u00e3o radicular;<\/em><\/span><\/h6>\n<h6><span style=\"color: #708662;\"><em>FF: <\/em><\/span><span style=\"color: #708662;\"><em>Fusarium oxysporum f. sp. lycopersici (ra\u00e7as 0, 1, 2 e 3);<\/em><\/span><\/h6>\n<h6><span style=\"color: #708662;\"><em>FFF: Fusarium oxysporum f. sp. lycopersici (ra\u00e7as 0, 1, 2 e 3);<\/em><\/span><\/h6>\n<h6><span style=\"color: #708662;\"><em>PI: Pyrenochaeta lycopersici \/ Podrid\u00e3o radicular cori\u00e1cea;<\/em><\/span><\/h6>\n<h6><span style=\"color: #708662;\"><em>B(BW): Ralstonia solanacearum \/ Murcha bacteriana;<\/em><\/span><\/h6>\n<h6><span style=\"color: #708662;\"><em>BC: Clavibacter michiganensis subsp. michiganensis (CMM) \/ Cancro bacteriano;<\/em><\/span><\/h6>\n<h6><span style=\"color: #708662;\"><em>Mj: Nematoides Meloidogyne (MA, MI, MJ) \/ Galhas das ra\u00edzes;<\/em><\/span><\/h6>\n<h6><span style=\"color: #708662;\"><em>Mi: Nematoides Meloidogyne (MA, MI, MJ) \/ Galhas das ra\u00edzes;<\/em><\/span><\/h6>\n<h6><span style=\"color: #708662;\"><em> Ma: Nematoides Meloidogyne (MA, MI, MJ) \/ Galhas das ra\u00edzes;<\/em><\/span><\/h6>\n<p>&nbsp;<\/p>\n<\/div>\n<h6><span style=\"color: #cea65f;\">**Esta variedade deve ser usada apenas como porta-enxerto, uma vez que os pequenos frutos verdes produzidos pelo porta-enxerto n\u00e3o s\u00e3o adequados para consumo.<\/span><\/h6>\n","protected":false},"featured_media":1147,"comment_status":"open","ping_status":"closed","template":"","meta":{"om_disable_all_campaigns":false,"_monsterinsights_skip_tracking":false,"_monsterinsights_sitenote_active":false,"_monsterinsights_sitenote_note":"","_monsterinsights_sitenote_category":0,"site-sidebar-layout":"default","site-content-layout":"","ast-site-content-layout":"default","site-content-style":"default","site-sidebar-style":"default","ast-global-header-display":"","ast-banner-title-visibility":"","ast-main-header-display":"","ast-hfb-above-header-display":"","ast-hfb-below-header-display":"","ast-hfb-mobile-header-display":"","site-post-title":"","ast-breadcrumbs-content":"","ast-featured-img":"","footer-sml-layout":"","theme-transparent-header-meta":"default","adv-header-id-meta":"","stick-header-meta":"","header-above-stick-meta":"","header-main-stick-meta":"","header-below-stick-meta":"","astra-migrate-meta-layouts":"set","ast-page-background-enabled":"default","ast-page-background-meta":{"desktop":{"background-color":"var(--ast-global-color-4)","background-image":"","background-repeat":"repeat","background-position":"center center","background-size":"auto","background-attachment":"scroll","background-type":"","background-media":"","overlay-type":"","overlay-color":"","overlay-gradient":""},"tablet":{"background-color":"","background-image":"","background-repeat":"repeat","background-position":"center center","background-size":"auto","background-attachment":"scroll","background-type":"","background-media":"","overlay-type":"","overlay-color":"","overlay-gradient":""},"mobile":{"background-color":"","background-image":"","background-repeat":"repeat","background-position":"center center","background-size":"auto","background-attachment":"scroll","background-type":"","background-media":"","overlay-type":"","overlay-color":"","overlay-gradient":""}},"ast-content-background-meta":{"desktop":{"background-color":"var(--ast-global-color-5)","background-image":"","background-repeat":"repeat","background-position":"center center","background-size":"auto","background-attachment":"scroll","background-type":"","background-media":"","overlay-type":"","overlay-color":"","overlay-gradient":""},"tablet":{"background-color":"var(--ast-global-color-5)","background-image":"","background-repeat":"repeat","background-position":"center center","background-size":"auto","background-attachment":"scroll","background-type":"","background-media":"","overlay-type":"","overlay-color":"","overlay-gradient":""},"mobile":{"background-color":"var(--ast-global-color-5)","background-image":"","background-repeat":"repeat","background-position":"center center","background-size":"auto","background-attachment":"scroll","background-type":"","background-media":"","overlay-type":"","overlay-color":"","overlay-gradient":""}}},"product_cat":[32],"product_tag":[39,38,41,239,42,36,240,33],"aioseo_notices":[],"jetpack_sharing_enabled":true,"_links":{"self":[{"href":"https:\/\/arielseeds.com\/index.php\/wp-json\/wp\/v2\/product\/1366"}],"collection":[{"href":"https:\/\/arielseeds.com\/index.php\/wp-json\/wp\/v2\/product"}],"about":[{"href":"https:\/\/arielseeds.com\/index.php\/wp-json\/wp\/v2\/types\/product"}],"replies":[{"embeddable":true,"href":"https:\/\/arielseeds.com\/index.php\/wp-json\/wp\/v2\/comments?post=1366"}],"wp:featuredmedia":[{"embeddable":true,"href":"https:\/\/arielseeds.com\/index.php\/wp-json\/wp\/v2\/media\/1147"}],"wp:attachment":[{"href":"https:\/\/arielseeds.com\/index.php\/wp-json\/wp\/v2\/media?parent=1366"}],"wp:term":[{"taxonomy":"product_cat","embeddable":true,"href":"https:\/\/arielseeds.com\/index.php\/wp-json\/wp\/v2\/product_cat?post=1366"},{"taxonomy":"product_tag","embeddable":true,"href":"https:\/\/arielseeds.com\/index.php\/wp-json\/wp\/v2\/product_tag?post=1366"}],"curies":[{"name":"wp","href":"https:\/\/api.w.org\/{rel}","templated":true}]}}